{"id":678,"date":"2024-02-08T05:53:53","date_gmt":"2024-02-08T04:53:53","guid":{"rendered":"https:\/\/notariasantisteban.com\/?page_id=678"},"modified":"2024-11-12T06:56:17","modified_gmt":"2024-11-12T05:56:17","slug":"autorizacion-de-viaje","status":"publish","type":"page","link":"https:\/\/notariasantisteban.com\/index.php\/autorizacion-de-viaje\/","title":{"rendered":"Autorizaci\u00f3n de viaje"},"content":{"rendered":"\t\t<div data-elementor-type=\"wp-page\" data-elementor-id=\"678\" class=\"elementor elementor-678\" data-elementor-post-type=\"page\">\n\t\t\t\t\t\t\t\t\t<section class=\"elementor-section elementor-top-section elementor-element elementor-element-4f274ff1 elementor-section-boxed elementor-section-height-default elementor-section-height-default\" data-id=\"4f274ff1\" data-element_type=\"section\">\n\t\t\t\t\t\t\t<div class=\"elementor-background-overlay\"><\/div>\n\t\t\t\t\t\t\t<div class=\"elementor-container elementor-column-gap-default\">\n\t\t\t\t\t<div class=\"elementor-column elementor-col-100 elementor-top-column elementor-element elementor-element-38e2b347\" data-id=\"38e2b347\" data-element_type=\"column\">\n\t\t\t<div class=\"elementor-widget-wrap elementor-element-populated\">\n\t\t\t\t\t\t\t\t<div class=\"elementor-element elementor-element-151b842b elementor-tabs-view-vertical elementor-tabs-alignment-center elementor-widget elementor-widget-tabs\" data-id=\"151b842b\" data-element_type=\"widget\" data-widget_type=\"tabs.default\">\n\t\t\t\t<div class=\"elementor-widget-container\">\n\t\t\t<style>\/*! elementor - v3.18.0 - 20-12-2023 *\/\n.elementor-widget-tabs.elementor-tabs-view-vertical .elementor-tabs-wrapper{width:25%;flex-shrink:0}.elementor-widget-tabs.elementor-tabs-view-vertical .elementor-tab-desktop-title.elementor-active{border-right-style:none}.elementor-widget-tabs.elementor-tabs-view-vertical .elementor-tab-desktop-title.elementor-active:after,.elementor-widget-tabs.elementor-tabs-view-vertical .elementor-tab-desktop-title.elementor-active:before{height:999em;width:0;right:0;border-right-style:solid}.elementor-widget-tabs.elementor-tabs-view-vertical .elementor-tab-desktop-title.elementor-active:before{top:0;transform:translateY(-100%)}.elementor-widget-tabs.elementor-tabs-view-vertical .elementor-tab-desktop-title.elementor-active:after{top:100%}.elementor-widget-tabs.elementor-tabs-view-horizontal .elementor-tab-desktop-title{display:table-cell}.elementor-widget-tabs.elementor-tabs-view-horizontal .elementor-tab-desktop-title.elementor-active{border-bottom-style:none}.elementor-widget-tabs.elementor-tabs-view-horizontal .elementor-tab-desktop-title.elementor-active:after,.elementor-widget-tabs.elementor-tabs-view-horizontal .elementor-tab-desktop-title.elementor-active:before{bottom:0;height:0;width:999em;border-bottom-style:solid}.elementor-widget-tabs.elementor-tabs-view-horizontal .elementor-tab-desktop-title.elementor-active:before{right:100%}.elementor-widget-tabs.elementor-tabs-view-horizontal .elementor-tab-desktop-title.elementor-active:after{left:100%}.elementor-widget-tabs .elementor-tab-content,.elementor-widget-tabs .elementor-tab-title,.elementor-widget-tabs .elementor-tab-title:after,.elementor-widget-tabs .elementor-tab-title:before,.elementor-widget-tabs .elementor-tabs-content-wrapper{border:1px #d5d8dc}.elementor-widget-tabs .elementor-tabs{text-align:left}.elementor-widget-tabs .elementor-tabs-wrapper{overflow:hidden}.elementor-widget-tabs .elementor-tab-title{cursor:pointer;outline:var(--focus-outline,none)}.elementor-widget-tabs .elementor-tab-desktop-title{position:relative;padding:20px 25px;font-weight:700;line-height:1;border:solid transparent}.elementor-widget-tabs .elementor-tab-desktop-title.elementor-active{border-color:#d5d8dc}.elementor-widget-tabs .elementor-tab-desktop-title.elementor-active:after,.elementor-widget-tabs .elementor-tab-desktop-title.elementor-active:before{display:block;content:\"\";position:absolute}.elementor-widget-tabs .elementor-tab-desktop-title:focus-visible{border:1px solid #000}.elementor-widget-tabs .elementor-tab-mobile-title{padding:10px;cursor:pointer}.elementor-widget-tabs .elementor-tab-content{padding:20px;display:none}@media (max-width:767px){.elementor-tabs .elementor-tab-content,.elementor-tabs .elementor-tab-title{border-style:solid solid none}.elementor-tabs .elementor-tabs-wrapper{display:none}.elementor-tabs .elementor-tabs-content-wrapper{border-bottom-style:solid}.elementor-tabs .elementor-tab-content{padding:10px}}@media (min-width:768px){.elementor-widget-tabs.elementor-tabs-view-vertical .elementor-tabs{display:flex}.elementor-widget-tabs.elementor-tabs-view-vertical .elementor-tabs-wrapper{flex-direction:column}.elementor-widget-tabs.elementor-tabs-view-vertical .elementor-tabs-content-wrapper{flex-grow:1;border-style:solid solid solid none}.elementor-widget-tabs.elementor-tabs-view-horizontal .elementor-tab-content{border-style:none solid solid}.elementor-widget-tabs.elementor-tabs-alignment-center .elementor-tabs-wrapper,.elementor-widget-tabs.elementor-tabs-alignment-end .elementor-tabs-wrapper,.elementor-widget-tabs.elementor-tabs-alignment-stretch .elementor-tabs-wrapper{display:flex}.elementor-widget-tabs.elementor-tabs-alignment-center .elementor-tabs-wrapper{justify-content:center}.elementor-widget-tabs.elementor-tabs-alignment-end .elementor-tabs-wrapper{justify-content:flex-end}.elementor-widget-tabs.elementor-tabs-alignment-stretch.elementor-tabs-view-horizontal .elementor-tab-title{width:100%}.elementor-widget-tabs.elementor-tabs-alignment-stretch.elementor-tabs-view-vertical .elementor-tab-title{height:100%}.elementor-tabs .elementor-tab-mobile-title{display:none}}<\/style>\t\t<div class=\"elementor-tabs\">\n\t\t\t<div class=\"elementor-tabs-wrapper\" role=\"tablist\" >\n\t\t\t\t\t\t\t\t\t<div id=\"elementor-tab-title-3541\" class=\"elementor-tab-title elementor-tab-desktop-title\" aria-selected=\"true\" data-tab=\"1\" role=\"tab\" tabindex=\"0\" aria-controls=\"elementor-tab-content-3541\" aria-expanded=\"false\">COPIA LEGALIZADA<\/div>\n\t\t\t\t\t\t\t\t\t<div id=\"elementor-tab-title-3542\" class=\"elementor-tab-title elementor-tab-desktop-title\" aria-selected=\"false\" data-tab=\"2\" role=\"tab\" tabindex=\"-1\" aria-controls=\"elementor-tab-content-3542\" aria-expanded=\"false\">FIRMA LEGALIZADA EN DOCUMENTOS PRIVADOS: PERSONA NATURAL<\/div>\n\t\t\t\t\t\t\t\t\t<div id=\"elementor-tab-title-3543\" class=\"elementor-tab-title elementor-tab-desktop-title\" aria-selected=\"false\" data-tab=\"3\" role=\"tab\" tabindex=\"-1\" aria-controls=\"elementor-tab-content-3543\" aria-expanded=\"false\">FIRMA LEGALIZADA EN DOCUMENTOS PRIVADOS: PERSONA JUR\u00cdDICA<\/div>\n\t\t\t\t\t\t\t\t\t<div id=\"elementor-tab-title-3544\" class=\"elementor-tab-title elementor-tab-desktop-title\" aria-selected=\"false\" data-tab=\"4\" role=\"tab\" tabindex=\"-1\" aria-controls=\"elementor-tab-content-3544\" aria-expanded=\"false\">DILIGENCIAMIENTO DE CARTA NOTARIAL<\/div>\n\t\t\t\t\t\t\t\t\t<div id=\"elementor-tab-title-3545\" class=\"elementor-tab-title elementor-tab-desktop-title\" aria-selected=\"false\" data-tab=\"5\" role=\"tab\" tabindex=\"-1\" aria-controls=\"elementor-tab-content-3545\" aria-expanded=\"false\">AUTORIZACI\u00d3N DE VIAJE AL INTERIOR DEL PA\u00cdS<\/div>\n\t\t\t\t\t\t\t\t\t<div id=\"elementor-tab-title-3546\" class=\"elementor-tab-title elementor-tab-desktop-title\" aria-selected=\"false\" data-tab=\"6\" role=\"tab\" tabindex=\"-1\" aria-controls=\"elementor-tab-content-3546\" aria-expanded=\"false\">AUTORIZACI\u00d3N DE VIAJE AL EXTRANJERO<\/div>\n\t\t\t\t\t\t\t\t\t<div id=\"elementor-tab-title-3547\" class=\"elementor-tab-title elementor-tab-desktop-title\" aria-selected=\"false\" data-tab=\"7\" role=\"tab\" tabindex=\"-1\" aria-controls=\"elementor-tab-content-3547\" aria-expanded=\"false\">CERTIFICADO DE SUPERVIVENCIA<\/div>\n\t\t\t\t\t\t\t\t\t<div id=\"elementor-tab-title-3548\" class=\"elementor-tab-title elementor-tab-desktop-title\" aria-selected=\"false\" data-tab=\"8\" role=\"tab\" tabindex=\"-1\" aria-controls=\"elementor-tab-content-3548\" aria-expanded=\"false\"> CERTIFICADO DE DOMICILIO<\/div>\n\t\t\t\t\t\t\t\t\t<div id=\"elementor-tab-title-3549\" class=\"elementor-tab-title elementor-tab-desktop-title\" aria-selected=\"false\" data-tab=\"9\" role=\"tab\" tabindex=\"-1\" aria-controls=\"elementor-tab-content-3549\" aria-expanded=\"false\">CERTIFICADO DE CONVIVENCIA<\/div>\n\t\t\t\t\t\t\t\t\t<div id=\"elementor-tab-title-35410\" class=\"elementor-tab-title elementor-tab-desktop-title\" aria-selected=\"false\" data-tab=\"10\" role=\"tab\" tabindex=\"-1\" aria-controls=\"elementor-tab-content-35410\" aria-expanded=\"false\">APERTURA DE LIBRO (PERSONA NATURAL)<\/div>\n\t\t\t\t\t\t\t\t\t<div id=\"elementor-tab-title-35411\" class=\"elementor-tab-title elementor-tab-desktop-title\" aria-selected=\"false\" data-tab=\"11\" role=\"tab\" tabindex=\"-1\" aria-controls=\"elementor-tab-content-35411\" aria-expanded=\"false\">CIERRE DE LIBRO (PERSONA NATURAL)<\/div>\n\t\t\t\t\t\t\t\t\t<div id=\"elementor-tab-title-35412\" class=\"elementor-tab-title elementor-tab-desktop-title\" aria-selected=\"false\" data-tab=\"12\" role=\"tab\" tabindex=\"-1\" aria-controls=\"elementor-tab-content-35412\" aria-expanded=\"false\">APERTURA DE LIBRO (PERSONA JURIDICA)<\/div>\n\t\t\t\t\t\t\t\t\t<div id=\"elementor-tab-title-35413\" class=\"elementor-tab-title elementor-tab-desktop-title\" aria-selected=\"false\" data-tab=\"13\" role=\"tab\" tabindex=\"-1\" aria-controls=\"elementor-tab-content-35413\" aria-expanded=\"false\">CIERRE DE LIBRO (PERSONA JURIDICA)<\/div>\n\t\t\t\t\t\t\t\t\t<div id=\"elementor-tab-title-35414\" class=\"elementor-tab-title elementor-tab-desktop-title\" aria-selected=\"false\" data-tab=\"14\" role=\"tab\" tabindex=\"-1\" aria-controls=\"elementor-tab-content-35414\" aria-expanded=\"false\">ACTA NOTARIAL DE CONSTATACI\u00d3N<\/div>\n\t\t\t\t\t\t\t<\/div>\n\t\t\t<div class=\"elementor-tabs-content-wrapper\" role=\"tablist\" aria-orientation=\"vertical\">\n\t\t\t\t\t\t\t\t\t<div class=\"elementor-tab-title elementor-tab-mobile-title\" aria-selected=\"true\" data-tab=\"1\" role=\"tab\" tabindex=\"0\" aria-controls=\"elementor-tab-content-3541\" aria-expanded=\"false\">COPIA LEGALIZADA<\/div>\n\t\t\t\t\t<div id=\"elementor-tab-content-3541\" class=\"elementor-tab-content elementor-clearfix\" data-tab=\"1\" role=\"tabpanel\" aria-labelledby=\"elementor-tab-title-3541\" tabindex=\"0\" hidden=\"false\"><ul><li>Original y copia del documento a legalizar.<\/li><\/ul><\/div>\n\t\t\t\t\t\t\t\t\t<div class=\"elementor-tab-title elementor-tab-mobile-title\" aria-selected=\"false\" data-tab=\"2\" role=\"tab\" tabindex=\"-1\" aria-controls=\"elementor-tab-content-3542\" aria-expanded=\"false\">FIRMA LEGALIZADA EN DOCUMENTOS PRIVADOS: PERSONA NATURAL<\/div>\n\t\t\t\t\t<div id=\"elementor-tab-content-3542\" class=\"elementor-tab-content elementor-clearfix\" data-tab=\"2\" role=\"tabpanel\" aria-labelledby=\"elementor-tab-title-3542\" tabindex=\"0\" hidden=\"hidden\"><ul><li>DNI del solicitante.<\/li><li>Si el solicitante es apoderado de una persona natural, se deber\u00e1 presentar el certificado de vigencia de poder actualizado, expedido por Registros P\u00fablicos (SUNARP).<\/li><li>El documento se firma en la notar\u00eda.<\/li><li>Si el documento acredita el cumplimiento previo de una obligaci\u00f3n dineraria, se deber\u00e1 exhibir el medio de pago del sistema financiero y bancario: dep\u00f3sito bancario, transferencia bancaria, cheque de gerencia, etc.<\/li><\/ul><p>\u00a0<\/p><\/div>\n\t\t\t\t\t\t\t\t\t<div class=\"elementor-tab-title elementor-tab-mobile-title\" aria-selected=\"false\" data-tab=\"3\" role=\"tab\" tabindex=\"-1\" aria-controls=\"elementor-tab-content-3543\" aria-expanded=\"false\">FIRMA LEGALIZADA EN DOCUMENTOS PRIVADOS: PERSONA JUR\u00cdDICA<\/div>\n\t\t\t\t\t<div id=\"elementor-tab-content-3543\" class=\"elementor-tab-content elementor-clearfix\" data-tab=\"3\" role=\"tabpanel\" aria-labelledby=\"elementor-tab-title-3543\" tabindex=\"0\" hidden=\"hidden\"><ul><li>DNI del solicitante.<\/li><li>Certificado de vigencia de poder actualizado del representante legal, expedido por Registros P\u00fablicos (SUNARP).<\/li><li>El documento se firma en la notar\u00eda.<\/li><li>Si el documento acredita el cumplimiento previo de una obligaci\u00f3n dineraria, se deber\u00e1 exhibir el medio de pago del sistema financiero y bancario: dep\u00f3sito bancario, transferencia bancaria, cheque de gerencia, etc.<\/li><\/ul><p>\u00a0<\/p><\/div>\n\t\t\t\t\t\t\t\t\t<div class=\"elementor-tab-title elementor-tab-mobile-title\" aria-selected=\"false\" data-tab=\"4\" role=\"tab\" tabindex=\"-1\" aria-controls=\"elementor-tab-content-3544\" aria-expanded=\"false\">DILIGENCIAMIENTO DE CARTA NOTARIAL<\/div>\n\t\t\t\t\t<div id=\"elementor-tab-content-3544\" class=\"elementor-tab-content elementor-clearfix\" data-tab=\"4\" role=\"tabpanel\" aria-labelledby=\"elementor-tab-title-3544\" tabindex=\"0\" hidden=\"hidden\"><ul><li>Carta notarial en 3 ejemplares originales.<\/li><li>Copia del DNI del remitente de la carta notarial.<\/li><li>Copia del DNI del presentante de la carta notarial.<\/li><li>La carta notarial debe contener lo siguiente:<\/li><li>El texto: \u201cCARTA NOTARIAL\u201d, en la parte superior del documento.<\/li><li>El nombre y direcci\u00f3n del destinatario y del remitente.<\/li><li>La direcci\u00f3n del destinatario debe estar detallada de forma precisa y concreta; y, de ser necesario, se debe se\u00f1alar o anexar una referencia.<\/li><li>Debe estar foliada desde la primera hoja hasta la \u00faltima hoja.<\/li><\/ul><p>\u00a0<\/p><\/div>\n\t\t\t\t\t\t\t\t\t<div class=\"elementor-tab-title elementor-tab-mobile-title\" aria-selected=\"false\" data-tab=\"5\" role=\"tab\" tabindex=\"-1\" aria-controls=\"elementor-tab-content-3545\" aria-expanded=\"false\">AUTORIZACI\u00d3N DE VIAJE AL INTERIOR DEL PA\u00cdS<\/div>\n\t\t\t\t\t<div id=\"elementor-tab-content-3545\" class=\"elementor-tab-content elementor-clearfix\" data-tab=\"5\" role=\"tabpanel\" aria-labelledby=\"elementor-tab-title-3545\" tabindex=\"0\" hidden=\"hidden\"><ul><li style=\"list-style-type: none;\"><ul><li>Copia del DNI del menor.<\/li><li>DNI del padre o madre. <sup>1<\/sup><\/li><li>Informaci\u00f3n relevante del viaje (itinerario, fecha de salida y retorno).<\/li><li>De ser el caso, presentar la copia del DNI del acompa\u00f1ante del menor.<\/li><\/ul><\/li><\/ul><ol><li>Si se encuentra representado por un apoderado, se deber\u00e1 presentar el certificado de vigencia de poder actualizado, expedido por Registros P\u00fablicos (SUNARP).<\/li><\/ol><\/div>\n\t\t\t\t\t\t\t\t\t<div class=\"elementor-tab-title elementor-tab-mobile-title\" aria-selected=\"false\" data-tab=\"6\" role=\"tab\" tabindex=\"-1\" aria-controls=\"elementor-tab-content-3546\" aria-expanded=\"false\">AUTORIZACI\u00d3N DE VIAJE AL EXTRANJERO<\/div>\n\t\t\t\t\t<div id=\"elementor-tab-content-3546\" class=\"elementor-tab-content elementor-clearfix\" data-tab=\"6\" role=\"tabpanel\" aria-labelledby=\"elementor-tab-title-3546\" tabindex=\"0\" hidden=\"hidden\"><ul><li style=\"list-style-type: none;\"><ul><li>Copia del DNI del menor.<\/li><li>DNI de ambos padres.<sup> 1<\/sup><\/li><li>Si el menor ha sido reconocido solo por uno de sus padres, basta el consentimiento de este.<\/li><li>Si uno de los padres ha fallecido, deber\u00e1 presentar la partida o acta de defunci\u00f3n.<sup> 2 <\/sup><\/li><li>Informaci\u00f3n relevante del viaje (itinerario, fecha de salida y retorno).<\/li><li>De ser el caso, presentar la copia del DNI del acompa\u00f1ante del menor.<\/li><\/ul><\/li><\/ul><ol><li>Si se encuentran representados por un apoderado, se deber\u00e1 presentar el certificado de vigencia de poder actualizado, expedido por Registros P\u00fablicos (SUNARP).<\/li><li>El documento debe ser ORIGINAL y ACTUALIZADO, con una antig\u00fcedad no mayor a tres meses desde su emisi\u00f3n.<\/li><\/ol><p><strong><u>NOTA<\/u><\/strong>: La autorizaci\u00f3n de viaje se visa en el Colegio de Notarios competente.<\/p><\/div>\n\t\t\t\t\t\t\t\t\t<div class=\"elementor-tab-title elementor-tab-mobile-title\" aria-selected=\"false\" data-tab=\"7\" role=\"tab\" tabindex=\"-1\" aria-controls=\"elementor-tab-content-3547\" aria-expanded=\"false\">CERTIFICADO DE SUPERVIVENCIA<\/div>\n\t\t\t\t\t<div id=\"elementor-tab-content-3547\" class=\"elementor-tab-content elementor-clearfix\" data-tab=\"7\" role=\"tabpanel\" aria-labelledby=\"elementor-tab-title-3547\" tabindex=\"0\" hidden=\"hidden\"><ul><li>DNI del solicitante.<\/li><li>Recibo de servicios b\u00e1sicos de luz o agua.<\/li><\/ul><p>\u00a0<\/p><\/div>\n\t\t\t\t\t\t\t\t\t<div class=\"elementor-tab-title elementor-tab-mobile-title\" aria-selected=\"false\" data-tab=\"8\" role=\"tab\" tabindex=\"-1\" aria-controls=\"elementor-tab-content-3548\" aria-expanded=\"false\"> CERTIFICADO DE DOMICILIO<\/div>\n\t\t\t\t\t<div id=\"elementor-tab-content-3548\" class=\"elementor-tab-content elementor-clearfix\" data-tab=\"8\" role=\"tabpanel\" aria-labelledby=\"elementor-tab-title-3548\" tabindex=\"0\" hidden=\"hidden\"><ul><li>DNI del solicitante.<\/li><li>Recibo de servicios b\u00e1sicos de luz o agua. <u><\/u><u><\/u><\/li><\/ul><p><strong><u>NOTA<\/u><\/strong>: El notario se constituir\u00e1 al domicilio del solicitante.<\/p><p>\u00a0<\/p><\/div>\n\t\t\t\t\t\t\t\t\t<div class=\"elementor-tab-title elementor-tab-mobile-title\" aria-selected=\"false\" data-tab=\"9\" role=\"tab\" tabindex=\"-1\" aria-controls=\"elementor-tab-content-3549\" aria-expanded=\"false\">CERTIFICADO DE CONVIVENCIA<\/div>\n\t\t\t\t\t<div id=\"elementor-tab-content-3549\" class=\"elementor-tab-content elementor-clearfix\" data-tab=\"9\" role=\"tabpanel\" aria-labelledby=\"elementor-tab-title-3549\" tabindex=\"0\" hidden=\"hidden\"><ul><li>DNI de los solicitantes.<\/li><li>Recibo de servicios b\u00e1sicos de luz o agua.<\/li><\/ul><p><strong><u>NOTA<\/u><\/strong>: El notario se constituir\u00e1 al domicilio de los solicitantes.<\/p><p>\u00a0<\/p><\/div>\n\t\t\t\t\t\t\t\t\t<div class=\"elementor-tab-title elementor-tab-mobile-title\" aria-selected=\"false\" data-tab=\"10\" role=\"tab\" tabindex=\"-1\" aria-controls=\"elementor-tab-content-35410\" aria-expanded=\"false\">APERTURA DE LIBRO (PERSONA NATURAL)<\/div>\n\t\t\t\t\t<div id=\"elementor-tab-content-35410\" class=\"elementor-tab-content elementor-clearfix\" data-tab=\"10\" role=\"tabpanel\" aria-labelledby=\"elementor-tab-title-35410\" tabindex=\"0\" hidden=\"hidden\"><ul><li>DNI del solicitante.<\/li><li>Ficha RUC actualizada, emitida por SUNAT.<\/li><li>A partir del Libro N\u00b0 02, se debe traer el libro anterior para efectuar el cierre de libro.<\/li><li>En caso de p\u00e9rdida del Libro, se debe traer la denuncia policial correspondiente.<\/li><\/ul><p>\u00a0<\/p><\/div>\n\t\t\t\t\t\t\t\t\t<div class=\"elementor-tab-title elementor-tab-mobile-title\" aria-selected=\"false\" data-tab=\"11\" role=\"tab\" tabindex=\"-1\" aria-controls=\"elementor-tab-content-35411\" aria-expanded=\"false\">CIERRE DE LIBRO (PERSONA NATURAL)<\/div>\n\t\t\t\t\t<div id=\"elementor-tab-content-35411\" class=\"elementor-tab-content elementor-clearfix\" data-tab=\"11\" role=\"tabpanel\" aria-labelledby=\"elementor-tab-title-35411\" tabindex=\"0\" hidden=\"hidden\"><ul><li>DNI del solicitante.<\/li><li>Ficha RUC actualizada, emitida por SUNAT.<\/li><\/ul><p>\u00a0<\/p><\/div>\n\t\t\t\t\t\t\t\t\t<div class=\"elementor-tab-title elementor-tab-mobile-title\" aria-selected=\"false\" data-tab=\"12\" role=\"tab\" tabindex=\"-1\" aria-controls=\"elementor-tab-content-35412\" aria-expanded=\"false\">APERTURA DE LIBRO (PERSONA JURIDICA)<\/div>\n\t\t\t\t\t<div id=\"elementor-tab-content-35412\" class=\"elementor-tab-content elementor-clearfix\" data-tab=\"12\" role=\"tabpanel\" aria-labelledby=\"elementor-tab-title-35412\" tabindex=\"0\" hidden=\"hidden\"><ul><li>DNI del representante legal.<\/li><li>Ficha RUC actualizada emitida por SUNAT.<\/li><li>Certificado de vigencia de poder actualizado del representante legal, expedido por Registros P\u00fablicos (SUNARP).<\/li><li>A partir del Libro N\u00b0 02, se debe traer el libro anterior para efectuar el cierre de libro.<\/li><li>En caso de p\u00e9rdida del Libro, se debe traer la denuncia policial correspondiente.<\/li><\/ul><p>\u00a0<\/p><\/div>\n\t\t\t\t\t\t\t\t\t<div class=\"elementor-tab-title elementor-tab-mobile-title\" aria-selected=\"false\" data-tab=\"13\" role=\"tab\" tabindex=\"-1\" aria-controls=\"elementor-tab-content-35413\" aria-expanded=\"false\">CIERRE DE LIBRO (PERSONA JURIDICA)<\/div>\n\t\t\t\t\t<div id=\"elementor-tab-content-35413\" class=\"elementor-tab-content elementor-clearfix\" data-tab=\"13\" role=\"tabpanel\" aria-labelledby=\"elementor-tab-title-35413\" tabindex=\"0\" hidden=\"hidden\"><ul><li>DNI del representante legal.<\/li><li>Ficha RUC actualizada emitida por SUNAT.<\/li><li>Certificado de vigencia de poder actualizado del representante legal, expedido por Registros P\u00fablicos (SUNARP).<\/li><\/ul><p>\u00a0<\/p><\/div>\n\t\t\t\t\t\t\t\t\t<div class=\"elementor-tab-title elementor-tab-mobile-title\" aria-selected=\"false\" data-tab=\"14\" role=\"tab\" tabindex=\"-1\" aria-controls=\"elementor-tab-content-35414\" aria-expanded=\"false\">ACTA NOTARIAL DE CONSTATACI\u00d3N<\/div>\n\t\t\t\t\t<div id=\"elementor-tab-content-35414\" class=\"elementor-tab-content elementor-clearfix\" data-tab=\"14\" role=\"tabpanel\" aria-labelledby=\"elementor-tab-title-35414\" tabindex=\"0\" hidden=\"hidden\"><ul><li>DNI del solicitante.<\/li><li>Si el solicitante es una persona jur\u00eddica, se deber\u00e1 presentar el certificado de vigencia de poder actualizado del representante legal, expedido por Registros P\u00fablicos (SUNARP); y, la ficha RUC actualizada emitida por SUNAT.<\/li><li>Documentos o medios electr\u00f3nicos que sustenten el acto de constataci\u00f3n.<\/li><li>En el caso de constataci\u00f3n de bien inmueble, se deber\u00e1 presentar la documentaci\u00f3n que acredite su posesi\u00f3n o propiedad.<\/li><\/ul><p>\u00a0<\/p><\/div>\n\t\t\t\t\t\t\t<\/div>\n\t\t<\/div>\n\t\t\t\t<\/div>\n\t\t\t\t<\/div>\n\t\t\t\t<div class=\"elementor-element elementor-element-8fdcb0e elementor-widget elementor-widget-image\" data-id=\"8fdcb0e\" data-element_type=\"widget\" data-widget_type=\"image.default\">\n\t\t\t\t<div class=\"elementor-widget-container\">\n\t\t\t<style>\/*! elementor - v3.18.0 - 20-12-2023 *\/\n.elementor-widget-image{text-align:center}.elementor-widget-image a{display:inline-block}.elementor-widget-image a img[src$=\".svg\"]{width:48px}.elementor-widget-image img{vertical-align:middle;display:inline-block}<\/style>\t\t\t\t\t\t\t\t\t\t\t\t<img decoding=\"async\" width=\"429\" height=\"93\" src=\"https:\/\/notariasantisteban.com\/wp-content\/uploads\/2024\/01\/ALEXIS.png\" class=\"attachment-large size-large wp-image-602\" alt=\"\" srcset=\"https:\/\/notariasantisteban.com\/wp-content\/uploads\/2024\/01\/ALEXIS.png 429w, https:\/\/notariasantisteban.com\/wp-content\/uploads\/2024\/01\/ALEXIS-300x65.png 300w\" sizes=\"(max-width: 429px) 100vw, 429px\" \/>\t\t\t\t\t\t\t\t\t\t\t\t\t\t\t<\/div>\n\t\t\t\t<\/div>\n\t\t\t\t<div class=\"elementor-element elementor-element-228c917 elementor-widget elementor-widget-spacer\" data-id=\"228c917\" data-element_type=\"widget\" data-widget_type=\"spacer.default\">\n\t\t\t\t<div class=\"elementor-widget-container\">\n\t\t\t<style>\/*! elementor - v3.18.0 - 20-12-2023 *\/\n.elementor-column .elementor-spacer-inner{height:var(--spacer-size)}.e-con{--container-widget-width:100%}.e-con-inner>.elementor-widget-spacer,.e-con>.elementor-widget-spacer{width:var(--container-widget-width,var(--spacer-size));--align-self:var(--container-widget-align-self,initial);--flex-shrink:0}.e-con-inner>.elementor-widget-spacer>.elementor-widget-container,.e-con>.elementor-widget-spacer>.elementor-widget-container{height:100%;width:100%}.e-con-inner>.elementor-widget-spacer>.elementor-widget-container>.elementor-spacer,.e-con>.elementor-widget-spacer>.elementor-widget-container>.elementor-spacer{height:100%}.e-con-inner>.elementor-widget-spacer>.elementor-widget-container>.elementor-spacer>.elementor-spacer-inner,.e-con>.elementor-widget-spacer>.elementor-widget-container>.elementor-spacer>.elementor-spacer-inner{height:var(--container-widget-height,var(--spacer-size))}.e-con-inner>.elementor-widget-spacer.elementor-widget-empty,.e-con>.elementor-widget-spacer.elementor-widget-empty{position:relative;min-height:22px;min-width:22px}.e-con-inner>.elementor-widget-spacer.elementor-widget-empty .elementor-widget-empty-icon,.e-con>.elementor-widget-spacer.elementor-widget-empty .elementor-widget-empty-icon{position:absolute;top:0;bottom:0;left:0;right:0;margin:auto;padding:0;width:22px;height:22px}<\/style>\t\t<div class=\"elementor-spacer\">\n\t\t\t<div class=\"elementor-spacer-inner\"><\/div>\n\t\t<\/div>\n\t\t\t\t<\/div>\n\t\t\t\t<\/div>\n\t\t\t\t\t<\/div>\n\t\t<\/div>\n\t\t\t\t\t\t\t<\/div>\n\t\t<\/section>\n\t\t\t\t\t\t\t<\/div>\n\t\t","protected":false},"excerpt":{"rendered":"<p>COPIA LEGALIZADA FIRMA LEGALIZADA EN DOCUMENTOS PRIVADOS: PERSONA NATURAL FIRMA LEGALIZADA EN DOCUMENTOS PRIVADOS: PERSONA JUR\u00cdDICA DILIGENCIAMIENTO DE CARTA NOTARIAL AUTORIZACI\u00d3N DE VIAJE AL INTERIOR DEL PA\u00cdS AUTORIZACI\u00d3N DE VIAJE AL EXTRANJERO CERTIFICADO DE SUPERVIVENCIA CERTIFICADO DE DOMICILIO CERTIFICADO DE CONVIVENCIA APERTURA DE LIBRO (PERSONA NATURAL) CIERRE DE LIBRO (PERSONA NATURAL) APERTURA DE LIBRO (PERSONA [&hellip;]<\/p>\n","protected":false},"author":1,"featured_media":0,"parent":0,"menu_order":0,"comment_status":"closed","ping_status":"closed","template":"","meta":{"footnotes":""},"_links":{"self":[{"href":"https:\/\/notariasantisteban.com\/index.php\/wp-json\/wp\/v2\/pages\/678"}],"collection":[{"href":"https:\/\/notariasantisteban.com\/index.php\/wp-json\/wp\/v2\/pages"}],"about":[{"href":"https:\/\/notariasantisteban.com\/index.php\/wp-json\/wp\/v2\/types\/page"}],"author":[{"embeddable":true,"href":"https:\/\/notariasantisteban.com\/index.php\/wp-json\/wp\/v2\/users\/1"}],"replies":[{"embeddable":true,"href":"https:\/\/notariasantisteban.com\/index.php\/wp-json\/wp\/v2\/comments?post=678"}],"version-history":[{"count":22,"href":"https:\/\/notariasantisteban.com\/index.php\/wp-json\/wp\/v2\/pages\/678\/revisions"}],"predecessor-version":[{"id":1088,"href":"https:\/\/notariasantisteban.com\/index.php\/wp-json\/wp\/v2\/pages\/678\/revisions\/1088"}],"wp:attachment":[{"href":"https:\/\/notariasantisteban.com\/index.php\/wp-json\/wp\/v2\/media?parent=678"}],"curies":[{"name":"wp","href":"https:\/\/api.w.org\/{rel}","templated":true}]}}